
{"id":6887,"date":"2024-02-25T19:55:28","date_gmt":"2024-02-25T18:55:28","guid":{"rendered":"https:\/\/sandvika.tuktuk.no\/?post_type=product&#038;p=6887"},"modified":"2026-04-15T18:00:04","modified_gmt":"2026-04-15T16:00:04","slug":"gronn-karri","status":"publish","type":"product","link":"https:\/\/tuktuk.no\/sandvika\/product\/gronn-karri\/","title":{"rendered":"Gr\u00f8nn Karri"},"content":{"rendered":"<p>Deilig gr\u00f8nn karri med paprika, squash, bambusskudd, s\u00f8t basilikum og kokosmelk. Velg \u00f8nsket styrkeniv\u00e5 og protein.<\/p>\n","protected":false},"excerpt":{"rendered":"<p>Deilig gr\u00f8nn karri med paprika, squash, bambusskudd, s\u00f8t basilikum og kokosmelk. Velg \u00f8nsket styrkeniv\u00e5 og protein.<\/p>\n","protected":false},"featured_media":10502,"comment_status":"open","ping_status":"closed","template":"","meta":{"_acf_changed":false,"_et_pb_use_builder":"","_et_pb_old_content":"","_et_gb_content_width":""},"product_brand":[],"product_cat":[221,215],"product_tag":[212],"class_list":{"0":"post-6887","1":"product","2":"type-product","3":"status-publish","4":"has-post-thumbnail","6":"product_cat-supper","7":"product_cat-hovedrett-supper","8":"product_tag-popular","9":"allergy-fisk-fiskesaus","10":"allergy-lok","11":"allergy-skalldyr-scampi-om-du-velger-det-glutenfri","13":"first","14":"instock","15":"taxable","16":"shipping-taxable","17":"purchasable","18":"product-type-variable","19":"has-default-attributes"},"acf":[],"yoast_head":"<!-- This site is optimized with the Yoast SEO plugin v26.0 - https:\/\/yoast.com\/wordpress\/plugins\/seo\/ -->\n<title>Gr\u00f8nn Karri - TukTuk Sandvika<\/title>\n<meta name=\"robots\" content=\"index, follow, max-snippet:-1, max-image-preview:large, max-video-preview:-1\" \/>\n<link rel=\"canonical\" href=\"https:\/\/tuktuk.no\/sandvika\/product\/gronn-karri\/\" \/>\n<meta property=\"og:locale\" content=\"en_GB\" \/>\n<meta property=\"og:type\" content=\"article\" \/>\n<meta property=\"og:title\" content=\"Gr\u00f8nn Karri - TukTuk Sandvika\" \/>\n<meta property=\"og:description\" content=\"Deilig gr\u00f8nn karri med paprika, squash, bambusskudd, s\u00f8t basilikum og kokosmelk. Velg \u00f8nsket styrkeniv\u00e5 og protein.\" \/>\n<meta property=\"og:url\" content=\"https:\/\/tuktuk.no\/sandvika\/product\/gronn-karri\/\" \/>\n<meta property=\"og:site_name\" content=\"TukTuk Sandvika\" \/>\n<meta property=\"article:modified_time\" content=\"2026-04-15T16:00:04+00:00\" \/>\n<meta property=\"og:image\" content=\"https:\/\/tuktuk.no\/sandvika\/wp-content\/uploads\/2026\/02\/Gronn-Karri-min-1-1.jpg\" \/>\n\t<meta property=\"og:image:width\" content=\"1200\" \/>\n\t<meta property=\"og:image:height\" content=\"800\" \/>\n\t<meta property=\"og:image:type\" content=\"image\/jpeg\" \/>\n<meta name=\"twitter:card\" content=\"summary_large_image\" \/>\n<meta name=\"twitter:label1\" content=\"Estimated reading time\" \/>\n\t<meta name=\"twitter:data1\" content=\"1 minute\" \/>\n<script type=\"application\/ld+json\" class=\"yoast-schema-graph\">{\"@context\":\"https:\/\/schema.org\",\"@graph\":[{\"@type\":\"WebPage\",\"@id\":\"https:\/\/tuktuk.no\/sandvika\/product\/gronn-karri\/\",\"url\":\"https:\/\/tuktuk.no\/sandvika\/product\/gronn-karri\/\",\"name\":\"Gr\u00f8nn Karri - TukTuk Sandvika\",\"isPartOf\":{\"@id\":\"https:\/\/tuktuk.no\/sandvika\/#website\"},\"primaryImageOfPage\":{\"@id\":\"https:\/\/tuktuk.no\/sandvika\/product\/gronn-karri\/#primaryimage\"},\"image\":{\"@id\":\"https:\/\/tuktuk.no\/sandvika\/product\/gronn-karri\/#primaryimage\"},\"thumbnailUrl\":\"https:\/\/tuktuk.no\/sandvika\/wp-content\/uploads\/2026\/02\/Gronn-Karri-min-1-1.jpg\",\"datePublished\":\"2024-02-25T18:55:28+00:00\",\"dateModified\":\"2026-04-15T16:00:04+00:00\",\"breadcrumb\":{\"@id\":\"https:\/\/tuktuk.no\/sandvika\/product\/gronn-karri\/#breadcrumb\"},\"inLanguage\":\"en-GB\",\"potentialAction\":[{\"@type\":\"ReadAction\",\"target\":[\"https:\/\/tuktuk.no\/sandvika\/product\/gronn-karri\/\"]}]},{\"@type\":\"ImageObject\",\"inLanguage\":\"en-GB\",\"@id\":\"https:\/\/tuktuk.no\/sandvika\/product\/gronn-karri\/#primaryimage\",\"url\":\"https:\/\/tuktuk.no\/sandvika\/wp-content\/uploads\/2026\/02\/Gronn-Karri-min-1-1.jpg\",\"contentUrl\":\"https:\/\/tuktuk.no\/sandvika\/wp-content\/uploads\/2026\/02\/Gronn-Karri-min-1-1.jpg\",\"width\":1200,\"height\":800},{\"@type\":\"BreadcrumbList\",\"@id\":\"https:\/\/tuktuk.no\/sandvika\/product\/gronn-karri\/#breadcrumb\",\"itemListElement\":[{\"@type\":\"ListItem\",\"position\":1,\"name\":\"Products\",\"item\":\"https:\/\/tuktuk.no\/sandvika\/shop\/\"},{\"@type\":\"ListItem\",\"position\":2,\"name\":\"Gr\u00f8nn Karri\"}]},{\"@type\":\"WebSite\",\"@id\":\"https:\/\/tuktuk.no\/sandvika\/#website\",\"url\":\"https:\/\/tuktuk.no\/sandvika\/\",\"name\":\"TukTuk Sandvika\",\"description\":\"Designs that reflect you!\",\"publisher\":{\"@id\":\"https:\/\/tuktuk.no\/sandvika\/#organization\"},\"potentialAction\":[{\"@type\":\"SearchAction\",\"target\":{\"@type\":\"EntryPoint\",\"urlTemplate\":\"https:\/\/tuktuk.no\/sandvika\/?s={search_term_string}\"},\"query-input\":{\"@type\":\"PropertyValueSpecification\",\"valueRequired\":true,\"valueName\":\"search_term_string\"}}],\"inLanguage\":\"en-GB\"},{\"@type\":\"Organization\",\"@id\":\"https:\/\/tuktuk.no\/sandvika\/#organization\",\"name\":\"TukTuk Sandvika\",\"url\":\"https:\/\/tuktuk.no\/sandvika\/\",\"logo\":{\"@type\":\"ImageObject\",\"inLanguage\":\"en-GB\",\"@id\":\"https:\/\/tuktuk.no\/sandvika\/#\/schema\/logo\/image\/\",\"url\":\"https:\/\/tuktuk.no\/sandvika\/wp-content\/uploads\/2022\/04\/CurryHouseLogo.png\",\"contentUrl\":\"https:\/\/tuktuk.no\/sandvika\/wp-content\/uploads\/2022\/04\/CurryHouseLogo.png\",\"width\":409,\"height\":310,\"caption\":\"TukTuk Sandvika\"},\"image\":{\"@id\":\"https:\/\/tuktuk.no\/sandvika\/#\/schema\/logo\/image\/\"}}]}<\/script>\n<!-- \/ Yoast SEO plugin. -->","yoast_head_json":{"title":"Gr\u00f8nn Karri - TukTuk Sandvika","robots":{"index":"index","follow":"follow","max-snippet":"max-snippet:-1","max-image-preview":"max-image-preview:large","max-video-preview":"max-video-preview:-1"},"canonical":"https:\/\/tuktuk.no\/sandvika\/product\/gronn-karri\/","og_locale":"en_GB","og_type":"article","og_title":"Gr\u00f8nn Karri - TukTuk Sandvika","og_description":"Deilig gr\u00f8nn karri med paprika, squash, bambusskudd, s\u00f8t basilikum og kokosmelk. Velg \u00f8nsket styrkeniv\u00e5 og protein.","og_url":"https:\/\/tuktuk.no\/sandvika\/product\/gronn-karri\/","og_site_name":"TukTuk Sandvika","article_modified_time":"2026-04-15T16:00:04+00:00","og_image":[{"width":1200,"height":800,"url":"https:\/\/tuktuk.no\/sandvika\/wp-content\/uploads\/2026\/02\/Gronn-Karri-min-1-1.jpg","type":"image\/jpeg"}],"twitter_card":"summary_large_image","twitter_misc":{"Estimated reading time":"1 minute"},"schema":{"@context":"https:\/\/schema.org","@graph":[{"@type":"WebPage","@id":"https:\/\/tuktuk.no\/sandvika\/product\/gronn-karri\/","url":"https:\/\/tuktuk.no\/sandvika\/product\/gronn-karri\/","name":"Gr\u00f8nn Karri - TukTuk Sandvika","isPartOf":{"@id":"https:\/\/tuktuk.no\/sandvika\/#website"},"primaryImageOfPage":{"@id":"https:\/\/tuktuk.no\/sandvika\/product\/gronn-karri\/#primaryimage"},"image":{"@id":"https:\/\/tuktuk.no\/sandvika\/product\/gronn-karri\/#primaryimage"},"thumbnailUrl":"https:\/\/tuktuk.no\/sandvika\/wp-content\/uploads\/2026\/02\/Gronn-Karri-min-1-1.jpg","datePublished":"2024-02-25T18:55:28+00:00","dateModified":"2026-04-15T16:00:04+00:00","breadcrumb":{"@id":"https:\/\/tuktuk.no\/sandvika\/product\/gronn-karri\/#breadcrumb"},"inLanguage":"en-GB","potentialAction":[{"@type":"ReadAction","target":["https:\/\/tuktuk.no\/sandvika\/product\/gronn-karri\/"]}]},{"@type":"ImageObject","inLanguage":"en-GB","@id":"https:\/\/tuktuk.no\/sandvika\/product\/gronn-karri\/#primaryimage","url":"https:\/\/tuktuk.no\/sandvika\/wp-content\/uploads\/2026\/02\/Gronn-Karri-min-1-1.jpg","contentUrl":"https:\/\/tuktuk.no\/sandvika\/wp-content\/uploads\/2026\/02\/Gronn-Karri-min-1-1.jpg","width":1200,"height":800},{"@type":"BreadcrumbList","@id":"https:\/\/tuktuk.no\/sandvika\/product\/gronn-karri\/#breadcrumb","itemListElement":[{"@type":"ListItem","position":1,"name":"Products","item":"https:\/\/tuktuk.no\/sandvika\/shop\/"},{"@type":"ListItem","position":2,"name":"Gr\u00f8nn Karri"}]},{"@type":"WebSite","@id":"https:\/\/tuktuk.no\/sandvika\/#website","url":"https:\/\/tuktuk.no\/sandvika\/","name":"TukTuk Sandvika","description":"Designs that reflect you!","publisher":{"@id":"https:\/\/tuktuk.no\/sandvika\/#organization"},"potentialAction":[{"@type":"SearchAction","target":{"@type":"EntryPoint","urlTemplate":"https:\/\/tuktuk.no\/sandvika\/?s={search_term_string}"},"query-input":{"@type":"PropertyValueSpecification","valueRequired":true,"valueName":"search_term_string"}}],"inLanguage":"en-GB"},{"@type":"Organization","@id":"https:\/\/tuktuk.no\/sandvika\/#organization","name":"TukTuk Sandvika","url":"https:\/\/tuktuk.no\/sandvika\/","logo":{"@type":"ImageObject","inLanguage":"en-GB","@id":"https:\/\/tuktuk.no\/sandvika\/#\/schema\/logo\/image\/","url":"https:\/\/tuktuk.no\/sandvika\/wp-content\/uploads\/2022\/04\/CurryHouseLogo.png","contentUrl":"https:\/\/tuktuk.no\/sandvika\/wp-content\/uploads\/2022\/04\/CurryHouseLogo.png","width":409,"height":310,"caption":"TukTuk Sandvika"},"image":{"@id":"https:\/\/tuktuk.no\/sandvika\/#\/schema\/logo\/image\/"}}]}},"_links":{"self":[{"href":"https:\/\/tuktuk.no\/sandvika\/wp-json\/wp\/v2\/product\/6887","targetHints":{"allow":["GET"]}}],"collection":[{"href":"https:\/\/tuktuk.no\/sandvika\/wp-json\/wp\/v2\/product"}],"about":[{"href":"https:\/\/tuktuk.no\/sandvika\/wp-json\/wp\/v2\/types\/product"}],"replies":[{"embeddable":true,"href":"https:\/\/tuktuk.no\/sandvika\/wp-json\/wp\/v2\/comments?post=6887"}],"wp:featuredmedia":[{"embeddable":true,"href":"https:\/\/tuktuk.no\/sandvika\/wp-json\/wp\/v2\/media\/10502"}],"wp:attachment":[{"href":"https:\/\/tuktuk.no\/sandvika\/wp-json\/wp\/v2\/media?parent=6887"}],"wp:term":[{"taxonomy":"product_brand","embeddable":true,"href":"https:\/\/tuktuk.no\/sandvika\/wp-json\/wp\/v2\/product_brand?post=6887"},{"taxonomy":"product_cat","embeddable":true,"href":"https:\/\/tuktuk.no\/sandvika\/wp-json\/wp\/v2\/product_cat?post=6887"},{"taxonomy":"product_tag","embeddable":true,"href":"https:\/\/tuktuk.no\/sandvika\/wp-json\/wp\/v2\/product_tag?post=6887"}],"curies":[{"name":"wp","href":"https:\/\/api.w.org\/{rel}","templated":true}]}}