
{"id":7022,"date":"2024-02-29T21:02:52","date_gmt":"2024-02-29T20:02:52","guid":{"rendered":"https:\/\/tuktuk.no\/?post_type=product&#038;p=7022"},"modified":"2026-02-27T17:48:59","modified_gmt":"2026-02-27T16:48:59","slug":"spicy-glassnudelsalat-2","status":"publish","type":"product","link":"https:\/\/tuktuk.no\/asker\/product\/spicy-glassnudelsalat-2\/","title":{"rendered":"Spicy Glassnudelsalat(glutenfri)"},"content":{"rendered":"<p>Thaisalat med glassnudler, scampi, kj\u00f8ttdeig av svin, limejuice, koriander, selleri, tomat, v\u00e5rl\u00f8k, l\u00f8k, gulrot, k\u00e5l, hvitl\u00f8k og chili.<br \/>\nAllergener: Selleri, fisk (fiskesaus) skalldyr (scampi), sulfitt, l\u00f8k, (glutenfri)<\/p>\n","protected":false},"excerpt":{"rendered":"<p>Thaisalat med glassnudler, scampi, kj\u00f8ttdeig av svin, limejuice, koriander, selleri, tomat, v\u00e5rl\u00f8k, l\u00f8k, gulrot, k\u00e5l, hvitl\u00f8k og chili. Allergener: Selleri, fisk (fiskesaus) skalldyr (scampi), sulfitt, l\u00f8k, (glutenfri)<\/p>\n","protected":false},"featured_media":12276,"comment_status":"open","ping_status":"closed","template":"","meta":{"_acf_changed":false,"_et_pb_use_builder":"","_et_pb_old_content":"","_et_gb_content_width":""},"product_brand":[],"product_cat":[214,197],"product_tag":[],"class_list":{"0":"post-7022","1":"product","2":"type-product","3":"status-publish","4":"has-post-thumbnail","6":"product_cat-extra-scampi","7":"product_cat-thai-salater","8":"allergy-glutenfri","9":"allergy-fisk-fiskesaus","10":"allergy-lok","11":"allergy-selleri","12":"allergy-skalldyr-shellfish","13":"allergy-sulfitt","15":"first","16":"instock","17":"taxable","18":"shipping-taxable","19":"purchasable","20":"product-type-variable","21":"has-default-attributes"},"acf":[],"yoast_head":"<!-- This site is optimized with the Yoast SEO plugin v27.3 - https:\/\/yoast.com\/product\/yoast-seo-wordpress\/ -->\n<title>Spicy Glassnudelsalat(glutenfri) - TukTuk Asker<\/title>\n<meta name=\"robots\" content=\"index, follow, max-snippet:-1, max-image-preview:large, max-video-preview:-1\" \/>\n<link rel=\"canonical\" href=\"https:\/\/tuktuk.no\/asker\/product\/spicy-glassnudelsalat-2\/\" \/>\n<meta property=\"og:locale\" content=\"en_GB\" \/>\n<meta property=\"og:type\" content=\"article\" \/>\n<meta property=\"og:title\" content=\"Spicy Glassnudelsalat(glutenfri) - TukTuk Asker\" \/>\n<meta property=\"og:description\" content=\"Thaisalat med glassnudler, scampi, kj\u00f8ttdeig av svin, limejuice, koriander, selleri, tomat, v\u00e5rl\u00f8k, l\u00f8k, gulrot, k\u00e5l, hvitl\u00f8k og chili. Allergener: Selleri, fisk (fiskesaus) skalldyr (scampi), sulfitt, l\u00f8k, (glutenfri)\" \/>\n<meta property=\"og:url\" content=\"https:\/\/tuktuk.no\/asker\/product\/spicy-glassnudelsalat-2\/\" \/>\n<meta property=\"og:site_name\" content=\"TukTuk Asker\" \/>\n<meta property=\"article:modified_time\" content=\"2026-02-27T16:48:59+00:00\" \/>\n<meta property=\"og:image\" content=\"https:\/\/tuktuk.no\/asker\/wp-content\/uploads\/2026\/02\/Spicy-Glassnudelsalat-min.jpg\" \/>\n\t<meta property=\"og:image:width\" content=\"1200\" \/>\n\t<meta property=\"og:image:height\" content=\"800\" \/>\n\t<meta property=\"og:image:type\" content=\"image\/jpeg\" \/>\n<meta name=\"twitter:card\" content=\"summary_large_image\" \/>\n<meta name=\"twitter:label1\" content=\"Estimated reading time\" \/>\n\t<meta name=\"twitter:data1\" content=\"1 minute\" \/>\n<script type=\"application\/ld+json\" class=\"yoast-schema-graph\">{\"@context\":\"https:\\\/\\\/schema.org\",\"@graph\":[{\"@type\":\"WebPage\",\"@id\":\"https:\\\/\\\/tuktuk.no\\\/asker\\\/product\\\/spicy-glassnudelsalat-2\\\/\",\"url\":\"https:\\\/\\\/tuktuk.no\\\/asker\\\/product\\\/spicy-glassnudelsalat-2\\\/\",\"name\":\"Spicy Glassnudelsalat(glutenfri) - TukTuk Asker\",\"isPartOf\":{\"@id\":\"https:\\\/\\\/tuktuk.no\\\/asker\\\/#website\"},\"primaryImageOfPage\":{\"@id\":\"https:\\\/\\\/tuktuk.no\\\/asker\\\/product\\\/spicy-glassnudelsalat-2\\\/#primaryimage\"},\"image\":{\"@id\":\"https:\\\/\\\/tuktuk.no\\\/asker\\\/product\\\/spicy-glassnudelsalat-2\\\/#primaryimage\"},\"thumbnailUrl\":\"https:\\\/\\\/tuktuk.no\\\/asker\\\/wp-content\\\/uploads\\\/2026\\\/02\\\/Spicy-Glassnudelsalat-min.jpg\",\"datePublished\":\"2024-02-29T20:02:52+00:00\",\"dateModified\":\"2026-02-27T16:48:59+00:00\",\"breadcrumb\":{\"@id\":\"https:\\\/\\\/tuktuk.no\\\/asker\\\/product\\\/spicy-glassnudelsalat-2\\\/#breadcrumb\"},\"inLanguage\":\"en-GB\",\"potentialAction\":[{\"@type\":\"ReadAction\",\"target\":[\"https:\\\/\\\/tuktuk.no\\\/asker\\\/product\\\/spicy-glassnudelsalat-2\\\/\"]}]},{\"@type\":\"ImageObject\",\"inLanguage\":\"en-GB\",\"@id\":\"https:\\\/\\\/tuktuk.no\\\/asker\\\/product\\\/spicy-glassnudelsalat-2\\\/#primaryimage\",\"url\":\"https:\\\/\\\/tuktuk.no\\\/asker\\\/wp-content\\\/uploads\\\/2026\\\/02\\\/Spicy-Glassnudelsalat-min.jpg\",\"contentUrl\":\"https:\\\/\\\/tuktuk.no\\\/asker\\\/wp-content\\\/uploads\\\/2026\\\/02\\\/Spicy-Glassnudelsalat-min.jpg\",\"width\":1200,\"height\":800},{\"@type\":\"BreadcrumbList\",\"@id\":\"https:\\\/\\\/tuktuk.no\\\/asker\\\/product\\\/spicy-glassnudelsalat-2\\\/#breadcrumb\",\"itemListElement\":[{\"@type\":\"ListItem\",\"position\":1,\"name\":\"Products\",\"item\":\"https:\\\/\\\/tuktuk.no\\\/asker\\\/shop\\\/\"},{\"@type\":\"ListItem\",\"position\":2,\"name\":\"Spicy Glassnudelsalat(glutenfri)\"}]},{\"@type\":\"WebSite\",\"@id\":\"https:\\\/\\\/tuktuk.no\\\/asker\\\/#website\",\"url\":\"https:\\\/\\\/tuktuk.no\\\/asker\\\/\",\"name\":\"TukTuk Asker\",\"description\":\"Best Thai resturant i Asker\",\"potentialAction\":[{\"@type\":\"SearchAction\",\"target\":{\"@type\":\"EntryPoint\",\"urlTemplate\":\"https:\\\/\\\/tuktuk.no\\\/asker\\\/?s={search_term_string}\"},\"query-input\":{\"@type\":\"PropertyValueSpecification\",\"valueRequired\":true,\"valueName\":\"search_term_string\"}}],\"inLanguage\":\"en-GB\"}]}<\/script>\n<!-- \/ Yoast SEO plugin. -->","yoast_head_json":{"title":"Spicy Glassnudelsalat(glutenfri) - TukTuk Asker","robots":{"index":"index","follow":"follow","max-snippet":"max-snippet:-1","max-image-preview":"max-image-preview:large","max-video-preview":"max-video-preview:-1"},"canonical":"https:\/\/tuktuk.no\/asker\/product\/spicy-glassnudelsalat-2\/","og_locale":"en_GB","og_type":"article","og_title":"Spicy Glassnudelsalat(glutenfri) - TukTuk Asker","og_description":"Thaisalat med glassnudler, scampi, kj\u00f8ttdeig av svin, limejuice, koriander, selleri, tomat, v\u00e5rl\u00f8k, l\u00f8k, gulrot, k\u00e5l, hvitl\u00f8k og chili. Allergener: Selleri, fisk (fiskesaus) skalldyr (scampi), sulfitt, l\u00f8k, (glutenfri)","og_url":"https:\/\/tuktuk.no\/asker\/product\/spicy-glassnudelsalat-2\/","og_site_name":"TukTuk Asker","article_modified_time":"2026-02-27T16:48:59+00:00","og_image":[{"width":1200,"height":800,"url":"https:\/\/tuktuk.no\/asker\/wp-content\/uploads\/2026\/02\/Spicy-Glassnudelsalat-min.jpg","type":"image\/jpeg"}],"twitter_card":"summary_large_image","twitter_misc":{"Estimated reading time":"1 minute"},"schema":{"@context":"https:\/\/schema.org","@graph":[{"@type":"WebPage","@id":"https:\/\/tuktuk.no\/asker\/product\/spicy-glassnudelsalat-2\/","url":"https:\/\/tuktuk.no\/asker\/product\/spicy-glassnudelsalat-2\/","name":"Spicy Glassnudelsalat(glutenfri) - TukTuk Asker","isPartOf":{"@id":"https:\/\/tuktuk.no\/asker\/#website"},"primaryImageOfPage":{"@id":"https:\/\/tuktuk.no\/asker\/product\/spicy-glassnudelsalat-2\/#primaryimage"},"image":{"@id":"https:\/\/tuktuk.no\/asker\/product\/spicy-glassnudelsalat-2\/#primaryimage"},"thumbnailUrl":"https:\/\/tuktuk.no\/asker\/wp-content\/uploads\/2026\/02\/Spicy-Glassnudelsalat-min.jpg","datePublished":"2024-02-29T20:02:52+00:00","dateModified":"2026-02-27T16:48:59+00:00","breadcrumb":{"@id":"https:\/\/tuktuk.no\/asker\/product\/spicy-glassnudelsalat-2\/#breadcrumb"},"inLanguage":"en-GB","potentialAction":[{"@type":"ReadAction","target":["https:\/\/tuktuk.no\/asker\/product\/spicy-glassnudelsalat-2\/"]}]},{"@type":"ImageObject","inLanguage":"en-GB","@id":"https:\/\/tuktuk.no\/asker\/product\/spicy-glassnudelsalat-2\/#primaryimage","url":"https:\/\/tuktuk.no\/asker\/wp-content\/uploads\/2026\/02\/Spicy-Glassnudelsalat-min.jpg","contentUrl":"https:\/\/tuktuk.no\/asker\/wp-content\/uploads\/2026\/02\/Spicy-Glassnudelsalat-min.jpg","width":1200,"height":800},{"@type":"BreadcrumbList","@id":"https:\/\/tuktuk.no\/asker\/product\/spicy-glassnudelsalat-2\/#breadcrumb","itemListElement":[{"@type":"ListItem","position":1,"name":"Products","item":"https:\/\/tuktuk.no\/asker\/shop\/"},{"@type":"ListItem","position":2,"name":"Spicy Glassnudelsalat(glutenfri)"}]},{"@type":"WebSite","@id":"https:\/\/tuktuk.no\/asker\/#website","url":"https:\/\/tuktuk.no\/asker\/","name":"TukTuk Asker","description":"Best Thai resturant i Asker","potentialAction":[{"@type":"SearchAction","target":{"@type":"EntryPoint","urlTemplate":"https:\/\/tuktuk.no\/asker\/?s={search_term_string}"},"query-input":{"@type":"PropertyValueSpecification","valueRequired":true,"valueName":"search_term_string"}}],"inLanguage":"en-GB"}]}},"_links":{"self":[{"href":"https:\/\/tuktuk.no\/asker\/wp-json\/wp\/v2\/product\/7022","targetHints":{"allow":["GET"]}}],"collection":[{"href":"https:\/\/tuktuk.no\/asker\/wp-json\/wp\/v2\/product"}],"about":[{"href":"https:\/\/tuktuk.no\/asker\/wp-json\/wp\/v2\/types\/product"}],"replies":[{"embeddable":true,"href":"https:\/\/tuktuk.no\/asker\/wp-json\/wp\/v2\/comments?post=7022"}],"wp:featuredmedia":[{"embeddable":true,"href":"https:\/\/tuktuk.no\/asker\/wp-json\/wp\/v2\/media\/12276"}],"wp:attachment":[{"href":"https:\/\/tuktuk.no\/asker\/wp-json\/wp\/v2\/media?parent=7022"}],"wp:term":[{"taxonomy":"product_brand","embeddable":true,"href":"https:\/\/tuktuk.no\/asker\/wp-json\/wp\/v2\/product_brand?post=7022"},{"taxonomy":"product_cat","embeddable":true,"href":"https:\/\/tuktuk.no\/asker\/wp-json\/wp\/v2\/product_cat?post=7022"},{"taxonomy":"product_tag","embeddable":true,"href":"https:\/\/tuktuk.no\/asker\/wp-json\/wp\/v2\/product_tag?post=7022"}],"curies":[{"name":"wp","href":"https:\/\/api.w.org\/{rel}","templated":true}]}}