
{"id":12345,"date":"2026-02-27T17:59:37","date_gmt":"2026-02-27T16:59:37","guid":{"rendered":"https:\/\/tuktuk.no\/asker\/?post_type=product&#038;p=12345"},"modified":"2026-03-17T20:30:29","modified_gmt":"2026-03-17T19:30:29","slug":"spicy-glassnudelsalatglutenfri-copy","status":"publish","type":"product","link":"https:\/\/tuktuk.no\/asker\/product\/spicy-glassnudelsalatglutenfri-copy\/","title":{"rendered":"Larb Moo\/Gai"},"content":{"rendered":"<p class=\"elementToProof\">Larb Moo\/Gai er en aromatisk kj\u00f8ttdeigsalat, med frisk mynte, koriander, v\u00e5rl\u00f8k og r\u00f8dl\u00f8k. Serveres med agurkskiver, k\u00e5l og ris.<\/p>\n<div class=\"elementToProof\">Velg mellom kj\u00f8ttdeig av svin eller kylling<\/div>\n<div class=\"elementToProof\">Allergener: Fisk (fiskesaus)<\/div>\n","protected":false},"excerpt":{"rendered":"<p>Larb Moo\/Gai er en aromatisk kj\u00f8ttdeigsalat, med frisk mynte, koriander, v\u00e5rl\u00f8k og r\u00f8dl\u00f8k. Serveres med agurkskiver, k\u00e5l og ris. Velg mellom kj\u00f8ttdeig av svin eller kylling Allergener: Fisk (fiskesaus)<\/p>\n","protected":false},"featured_media":12339,"comment_status":"open","ping_status":"closed","template":"","meta":{"_acf_changed":false,"_et_pb_use_builder":"","_et_pb_old_content":"","_et_gb_content_width":""},"product_brand":[],"product_cat":[197],"product_tag":[],"class_list":{"0":"post-12345","1":"product","2":"type-product","3":"status-publish","4":"has-post-thumbnail","6":"product_cat-thai-salater","7":"allergy-fisk-fiskesaus","9":"first","10":"instock","11":"taxable","12":"shipping-taxable","13":"purchasable","14":"product-type-variable","15":"has-default-attributes"},"acf":[],"yoast_head":"<!-- This site is optimized with the Yoast SEO plugin v27.3 - https:\/\/yoast.com\/product\/yoast-seo-wordpress\/ -->\n<title>Larb Moo\/Gai - TukTuk Asker<\/title>\n<meta name=\"robots\" content=\"index, follow, max-snippet:-1, max-image-preview:large, max-video-preview:-1\" \/>\n<link rel=\"canonical\" href=\"https:\/\/tuktuk.no\/asker\/product\/spicy-glassnudelsalatglutenfri-copy\/\" \/>\n<meta property=\"og:locale\" content=\"en_GB\" \/>\n<meta property=\"og:type\" content=\"article\" \/>\n<meta property=\"og:title\" content=\"Larb Moo\/Gai - TukTuk Asker\" \/>\n<meta property=\"og:description\" content=\"Larb Moo\/Gai er en aromatisk kj\u00f8ttdeigsalat, med frisk mynte, koriander, v\u00e5rl\u00f8k og r\u00f8dl\u00f8k. Serveres med agurkskiver, k\u00e5l og ris. Velg mellom kj\u00f8ttdeig av svin eller kylling Allergener: Fisk (fiskesaus)\" \/>\n<meta property=\"og:url\" content=\"https:\/\/tuktuk.no\/asker\/product\/spicy-glassnudelsalatglutenfri-copy\/\" \/>\n<meta property=\"og:site_name\" content=\"TukTuk Asker\" \/>\n<meta property=\"article:modified_time\" content=\"2026-03-17T19:30:29+00:00\" \/>\n<meta property=\"og:image\" content=\"https:\/\/tuktuk.no\/asker\/wp-content\/uploads\/2026\/02\/shared-image.jpg\" \/>\n\t<meta property=\"og:image:width\" content=\"1023\" \/>\n\t<meta property=\"og:image:height\" content=\"798\" \/>\n\t<meta property=\"og:image:type\" content=\"image\/jpeg\" \/>\n<meta name=\"twitter:card\" content=\"summary_large_image\" \/>\n<meta name=\"twitter:label1\" content=\"Estimated reading time\" \/>\n\t<meta name=\"twitter:data1\" content=\"1 minute\" \/>\n<script type=\"application\/ld+json\" class=\"yoast-schema-graph\">{\"@context\":\"https:\\\/\\\/schema.org\",\"@graph\":[{\"@type\":\"WebPage\",\"@id\":\"https:\\\/\\\/tuktuk.no\\\/asker\\\/product\\\/spicy-glassnudelsalatglutenfri-copy\\\/\",\"url\":\"https:\\\/\\\/tuktuk.no\\\/asker\\\/product\\\/spicy-glassnudelsalatglutenfri-copy\\\/\",\"name\":\"Larb Moo\\\/Gai - TukTuk Asker\",\"isPartOf\":{\"@id\":\"https:\\\/\\\/tuktuk.no\\\/asker\\\/#website\"},\"primaryImageOfPage\":{\"@id\":\"https:\\\/\\\/tuktuk.no\\\/asker\\\/product\\\/spicy-glassnudelsalatglutenfri-copy\\\/#primaryimage\"},\"image\":{\"@id\":\"https:\\\/\\\/tuktuk.no\\\/asker\\\/product\\\/spicy-glassnudelsalatglutenfri-copy\\\/#primaryimage\"},\"thumbnailUrl\":\"https:\\\/\\\/tuktuk.no\\\/asker\\\/wp-content\\\/uploads\\\/2026\\\/02\\\/shared-image.jpg\",\"datePublished\":\"2026-02-27T16:59:37+00:00\",\"dateModified\":\"2026-03-17T19:30:29+00:00\",\"breadcrumb\":{\"@id\":\"https:\\\/\\\/tuktuk.no\\\/asker\\\/product\\\/spicy-glassnudelsalatglutenfri-copy\\\/#breadcrumb\"},\"inLanguage\":\"en-GB\",\"potentialAction\":[{\"@type\":\"ReadAction\",\"target\":[\"https:\\\/\\\/tuktuk.no\\\/asker\\\/product\\\/spicy-glassnudelsalatglutenfri-copy\\\/\"]}]},{\"@type\":\"ImageObject\",\"inLanguage\":\"en-GB\",\"@id\":\"https:\\\/\\\/tuktuk.no\\\/asker\\\/product\\\/spicy-glassnudelsalatglutenfri-copy\\\/#primaryimage\",\"url\":\"https:\\\/\\\/tuktuk.no\\\/asker\\\/wp-content\\\/uploads\\\/2026\\\/02\\\/shared-image.jpg\",\"contentUrl\":\"https:\\\/\\\/tuktuk.no\\\/asker\\\/wp-content\\\/uploads\\\/2026\\\/02\\\/shared-image.jpg\",\"width\":1023,\"height\":798},{\"@type\":\"BreadcrumbList\",\"@id\":\"https:\\\/\\\/tuktuk.no\\\/asker\\\/product\\\/spicy-glassnudelsalatglutenfri-copy\\\/#breadcrumb\",\"itemListElement\":[{\"@type\":\"ListItem\",\"position\":1,\"name\":\"Products\",\"item\":\"https:\\\/\\\/tuktuk.no\\\/asker\\\/shop\\\/\"},{\"@type\":\"ListItem\",\"position\":2,\"name\":\"Larb Moo\\\/Gai\"}]},{\"@type\":\"WebSite\",\"@id\":\"https:\\\/\\\/tuktuk.no\\\/asker\\\/#website\",\"url\":\"https:\\\/\\\/tuktuk.no\\\/asker\\\/\",\"name\":\"TukTuk Asker\",\"description\":\"Best Thai resturant i Asker\",\"potentialAction\":[{\"@type\":\"SearchAction\",\"target\":{\"@type\":\"EntryPoint\",\"urlTemplate\":\"https:\\\/\\\/tuktuk.no\\\/asker\\\/?s={search_term_string}\"},\"query-input\":{\"@type\":\"PropertyValueSpecification\",\"valueRequired\":true,\"valueName\":\"search_term_string\"}}],\"inLanguage\":\"en-GB\"}]}<\/script>\n<!-- \/ Yoast SEO plugin. -->","yoast_head_json":{"title":"Larb Moo\/Gai - TukTuk Asker","robots":{"index":"index","follow":"follow","max-snippet":"max-snippet:-1","max-image-preview":"max-image-preview:large","max-video-preview":"max-video-preview:-1"},"canonical":"https:\/\/tuktuk.no\/asker\/product\/spicy-glassnudelsalatglutenfri-copy\/","og_locale":"en_GB","og_type":"article","og_title":"Larb Moo\/Gai - TukTuk Asker","og_description":"Larb Moo\/Gai er en aromatisk kj\u00f8ttdeigsalat, med frisk mynte, koriander, v\u00e5rl\u00f8k og r\u00f8dl\u00f8k. Serveres med agurkskiver, k\u00e5l og ris. Velg mellom kj\u00f8ttdeig av svin eller kylling Allergener: Fisk (fiskesaus)","og_url":"https:\/\/tuktuk.no\/asker\/product\/spicy-glassnudelsalatglutenfri-copy\/","og_site_name":"TukTuk Asker","article_modified_time":"2026-03-17T19:30:29+00:00","og_image":[{"width":1023,"height":798,"url":"https:\/\/tuktuk.no\/asker\/wp-content\/uploads\/2026\/02\/shared-image.jpg","type":"image\/jpeg"}],"twitter_card":"summary_large_image","twitter_misc":{"Estimated reading time":"1 minute"},"schema":{"@context":"https:\/\/schema.org","@graph":[{"@type":"WebPage","@id":"https:\/\/tuktuk.no\/asker\/product\/spicy-glassnudelsalatglutenfri-copy\/","url":"https:\/\/tuktuk.no\/asker\/product\/spicy-glassnudelsalatglutenfri-copy\/","name":"Larb Moo\/Gai - TukTuk Asker","isPartOf":{"@id":"https:\/\/tuktuk.no\/asker\/#website"},"primaryImageOfPage":{"@id":"https:\/\/tuktuk.no\/asker\/product\/spicy-glassnudelsalatglutenfri-copy\/#primaryimage"},"image":{"@id":"https:\/\/tuktuk.no\/asker\/product\/spicy-glassnudelsalatglutenfri-copy\/#primaryimage"},"thumbnailUrl":"https:\/\/tuktuk.no\/asker\/wp-content\/uploads\/2026\/02\/shared-image.jpg","datePublished":"2026-02-27T16:59:37+00:00","dateModified":"2026-03-17T19:30:29+00:00","breadcrumb":{"@id":"https:\/\/tuktuk.no\/asker\/product\/spicy-glassnudelsalatglutenfri-copy\/#breadcrumb"},"inLanguage":"en-GB","potentialAction":[{"@type":"ReadAction","target":["https:\/\/tuktuk.no\/asker\/product\/spicy-glassnudelsalatglutenfri-copy\/"]}]},{"@type":"ImageObject","inLanguage":"en-GB","@id":"https:\/\/tuktuk.no\/asker\/product\/spicy-glassnudelsalatglutenfri-copy\/#primaryimage","url":"https:\/\/tuktuk.no\/asker\/wp-content\/uploads\/2026\/02\/shared-image.jpg","contentUrl":"https:\/\/tuktuk.no\/asker\/wp-content\/uploads\/2026\/02\/shared-image.jpg","width":1023,"height":798},{"@type":"BreadcrumbList","@id":"https:\/\/tuktuk.no\/asker\/product\/spicy-glassnudelsalatglutenfri-copy\/#breadcrumb","itemListElement":[{"@type":"ListItem","position":1,"name":"Products","item":"https:\/\/tuktuk.no\/asker\/shop\/"},{"@type":"ListItem","position":2,"name":"Larb Moo\/Gai"}]},{"@type":"WebSite","@id":"https:\/\/tuktuk.no\/asker\/#website","url":"https:\/\/tuktuk.no\/asker\/","name":"TukTuk Asker","description":"Best Thai resturant i Asker","potentialAction":[{"@type":"SearchAction","target":{"@type":"EntryPoint","urlTemplate":"https:\/\/tuktuk.no\/asker\/?s={search_term_string}"},"query-input":{"@type":"PropertyValueSpecification","valueRequired":true,"valueName":"search_term_string"}}],"inLanguage":"en-GB"}]}},"_links":{"self":[{"href":"https:\/\/tuktuk.no\/asker\/wp-json\/wp\/v2\/product\/12345","targetHints":{"allow":["GET"]}}],"collection":[{"href":"https:\/\/tuktuk.no\/asker\/wp-json\/wp\/v2\/product"}],"about":[{"href":"https:\/\/tuktuk.no\/asker\/wp-json\/wp\/v2\/types\/product"}],"replies":[{"embeddable":true,"href":"https:\/\/tuktuk.no\/asker\/wp-json\/wp\/v2\/comments?post=12345"}],"wp:featuredmedia":[{"embeddable":true,"href":"https:\/\/tuktuk.no\/asker\/wp-json\/wp\/v2\/media\/12339"}],"wp:attachment":[{"href":"https:\/\/tuktuk.no\/asker\/wp-json\/wp\/v2\/media?parent=12345"}],"wp:term":[{"taxonomy":"product_brand","embeddable":true,"href":"https:\/\/tuktuk.no\/asker\/wp-json\/wp\/v2\/product_brand?post=12345"},{"taxonomy":"product_cat","embeddable":true,"href":"https:\/\/tuktuk.no\/asker\/wp-json\/wp\/v2\/product_cat?post=12345"},{"taxonomy":"product_tag","embeddable":true,"href":"https:\/\/tuktuk.no\/asker\/wp-json\/wp\/v2\/product_tag?post=12345"}],"curies":[{"name":"wp","href":"https:\/\/api.w.org\/{rel}","templated":true}]}}